{"id":2,"date":"2018-05-10T14:17:39","date_gmt":"2018-05-10T14:17:39","guid":{"rendered":"https:\/\/andreasneuweiler.ch\/reisen\/?page_id=2"},"modified":"2025-01-04T17:11:48","modified_gmt":"2025-01-04T17:11:48","slug":"startseite","status":"publish","type":"page","link":"https:\/\/andreasneuweiler.ch\/reisen\/startseite\/","title":{"rendered":"Startseite"},"content":{"rendered":"<p><strong>Willkommen auf meiner Reiseseite!<\/strong><br \/>\nIch durfte bereits \u00fcber <strong>30<\/strong> L\u00e4nder und weit \u00fcber <strong>80<\/strong> St\u00e4dte besuchen.<br \/>\nUnd jedes Jahr folgen weitere, interessante Orte.<br \/>\n<img decoding=\"async\" loading=\"lazy\" class=\"alignnone  wp-image-184\" src=\"https:\/\/andreasneuweiler.ch\/reisen\/wp-content\/uploads\/2022\/09\/IMG_0370-784x1024.jpg\" alt=\"\" width=\"444\" height=\"580\" srcset=\"https:\/\/andreasneuweiler.ch\/reisen\/wp-content\/uploads\/2022\/09\/IMG_0370-784x1024.jpg 784w, https:\/\/andreasneuweiler.ch\/reisen\/wp-content\/uploads\/2022\/09\/IMG_0370-230x300.jpg 230w, https:\/\/andreasneuweiler.ch\/reisen\/wp-content\/uploads\/2022\/09\/IMG_0370-768x1003.jpg 768w, https:\/\/andreasneuweiler.ch\/reisen\/wp-content\/uploads\/2022\/09\/IMG_0370-1176x1536.jpg 1176w, https:\/\/andreasneuweiler.ch\/reisen\/wp-content\/uploads\/2022\/09\/IMG_0370-1567x2048.jpg 1567w, https:\/\/andreasneuweiler.ch\/reisen\/wp-content\/uploads\/2022\/09\/IMG_0370-scaled.jpg 1959w\" sizes=\"(max-width: 444px) 100vw, 444px\" \/><br \/>\nHier finden sich (fast) alle Auslandsreisen von 2014-Heute.<br \/>\nJeweils 1 Bild pro Reiseort.<\/p>\n<p>Viel Spass beim Betrachten der Bilder.<\/p>\n<p>\u00a9 2018-2025 by <a href=\"http:\/\/www.ne5.ch\">ne5.ch<\/a><\/p>\n","protected":false},"excerpt":{"rendered":"<p>Willkommen auf meiner Reiseseite! Ich durfte bereits \u00fcber 30 L\u00e4nder und weit \u00fcber 80 St\u00e4dte besuchen. Und jedes Jahr folgen&hellip; <\/p>\n","protected":false},"author":1,"featured_media":0,"parent":0,"menu_order":0,"comment_status":"closed","ping_status":"open","template":"","meta":{"footnotes":""},"_links":{"self":[{"href":"https:\/\/andreasneuweiler.ch\/reisen\/wp-json\/wp\/v2\/pages\/2"}],"collection":[{"href":"https:\/\/andreasneuweiler.ch\/reisen\/wp-json\/wp\/v2\/pages"}],"about":[{"href":"https:\/\/andreasneuweiler.ch\/reisen\/wp-json\/wp\/v2\/types\/page"}],"author":[{"embeddable":true,"href":"https:\/\/andreasneuweiler.ch\/reisen\/wp-json\/wp\/v2\/users\/1"}],"replies":[{"embeddable":true,"href":"https:\/\/andreasneuweiler.ch\/reisen\/wp-json\/wp\/v2\/comments?post=2"}],"version-history":[{"count":13,"href":"https:\/\/andreasneuweiler.ch\/reisen\/wp-json\/wp\/v2\/pages\/2\/revisions"}],"predecessor-version":[{"id":253,"href":"https:\/\/andreasneuweiler.ch\/reisen\/wp-json\/wp\/v2\/pages\/2\/revisions\/253"}],"wp:attachment":[{"href":"https:\/\/andreasneuweiler.ch\/reisen\/wp-json\/wp\/v2\/media?parent=2"}],"curies":[{"name":"wp","href":"https:\/\/api.w.org\/{rel}","templated":true}]}}

<p><strong>Willkommen auf meiner Reiseseite!</strong><br />
Ich durfte bereits über <strong>30</strong> Länder und weit über <strong>80</strong> Städte besuchen.<br />
Und jedes Jahr folgen weitere, interessante Orte.<br />
<img decoding="async" loading="lazy" class="alignnone  wp-image-184" src="https://andreasneuweiler.ch/reisen/wp-content/uploads/2022/09/IMG_0370-784x1024.jpg" alt="" width="444" height="580" srcset="https://andreasneuweiler.ch/reisen/wp-content/uploads/2022/09/IMG_0370-784x1024.jpg 784w, https://andreasneuweiler.ch/reisen/wp-content/uploads/2022/09/IMG_0370-230x300.jpg 230w, https://andreasneuweiler.ch/reisen/wp-content/uploads/2022/09/IMG_0370-768x1003.jpg 768w, https://andreasneuweiler.ch/reisen/wp-content/uploads/2022/09/IMG_0370-1176x1536.jpg 1176w, https://andreasneuweiler.ch/reisen/wp-content/uploads/2022/09/IMG_0370-1567x2048.jpg 1567w, https://andreasneuweiler.ch/reisen/wp-content/uploads/2022/09/IMG_0370-scaled.jpg 1959w" sizes="(max-width: 444px) 100vw, 444px" /><br />
Hier finden sich (fast) alle Auslandsreisen von 2014-Heute.<br />
Jeweils 1 Bild pro Reiseort.</p>
<p>Viel Spass beim Betrachten der Bilder.</p>
<p>© 2018-2025 by <a href="http://www.ne5.ch">ne5.ch</a></p>

<p>Willkommen auf meiner Reiseseite! Ich durfte bereits über 30 Länder und weit über 80 Städte besuchen. Und jedes Jahr folgen&hellip; </p>
